e remainder when a is divided by 9?
4
Suppose -8*i + 10*i = 5*b + 255, 5*b + 5 = 0. What is the remainder when i is divided by 3?
2
Let g be (1 + 46/3)/((-17)/(-255)). Suppose -4*k + 59 = -g. Calculate the remainder when k is divided by 40.
36
Suppose -121 - 22 = -13*o. What is the remainder when 52 is divided by o?
8
Let t = 455 + -302. What is the remainder when t is divided by 22?
21
Let z be (-845)/30 + 4/24. Suppose 2*m + 2*m + 2*j - 340 = 0, 2*m - 168 = -2*j. Calculate the remainder when m is divided by -5 - (z - (-6 + 5)).
20
Suppose -112 = -16*i + 14*i - 2*f, 2*i - 112 = 4*f. What is the remainder when i is divided by 22?
12
Suppose 0 = 4*p + 4 - 20. Let m = 88 + -47. Suppose 51 = 3*t - c, -m = -2*t - c + p*c. Calculate the remainder when t is divided by 6.
4
Let u(k) = -k + 20. Calculate the remainder when 67 is divided by u(-5).
17
Let d = -2 - 6. Suppose -5*x + 287 = 37. What is the remainder when x is divided by 12/d*34/(-3)?
16
Let o = 8 - -11. Let v(x) = -8*x + 17 + 5*x + 6*x. Calculate the remainder when v(13) is divided by o.
18
Let r = -4 - -13. Let p = 7 - 2. Suppose -130 = -5*m - 5*v, p*v - 32 = -2*m + 23. Calculate the remainder when m is divided by r.
7
Let s(r) = r**3 + 19*r**2 - 11*r + 17. What is the remainder when s(-19) is divided by 11?
6
Let i(l) = -l**2 + 11*l + 1. Suppose 3*o = 3*t + 2*o - 33, 4*o = -4*t + 44. Calculate the remainder when (-54)/(-8) + (-3)/(-12) is divided by i(t).
0
What is the remainder when 899 is divided by 72 + 27/(135/50)?
79
Let u = 1 + 8. Suppose -u*c + 2*b = -4*c - 124, b = -c + 29. Calculate the remainder when c is divided by 15.
11
Suppose 198 = 5*p - 2*b, -3*b = -2*p - 2*b + 80. What is the remainder when 87 is divided by p?
11
Let d(z) = -z + 11. Let q be d(7). Suppose -q = h - 2*h. Calculate the remainder when (26/39)/(h/402) is divided by 17.
16
Let o(b) = b**3 + 6*b**2 + 3*b + 3. Let h = 5 + -3. Suppose -2*y = 2*s + y - 178, -h*y = 0. Calculate the remainder when s is divided by o(-4).
20
Suppose -2*w - 11 = -67. Suppose -8*f + 41 = -39. Calculate the remainder when w is divided by f.
8
What is the remainder when 152 is divided by -6*(-2)/(-6)*(-1224)/48?
50
Suppose 4*b - 4*m = 40, -66 + 26 = -4*b - 3*m. Suppose -4*y = -4*n - 208, -2*y - n + 120 = 1. Let x = 82 - y. Calculate the remainder when x is divided by b.
5
Calculate the remainder when 376 is divided by -2 + 0 + 10 + 17 + -4.
19
Let t(r) = -r**2 + 10. Suppose 0*z - 3*k = 2*z - 3, 0 = z + 2*k - 2. Calculate the remainder when 24 is divided by t(z).
4
What is the remainder when 34 is divided by -4*(6/(-20))/((-66)/(-1045))?
15
Let v(j) = 26*j**2 + 17*j + 52. What is the remainder when v(-4) is divided by 103?
91
What is the remainder when 146 is divided by (1 + 9)*((-168)/(-35) + -1)?
32
Let l be (-156)/(-28) - (-6)/14. What is the remainder when 4/l*(-69)/(-2) is divided by (-19)/(-3) - (-4)/(-12)?
5
Let o(w) = -2*w + 12. Suppose -15 = 2*r - 5*d, -4*r - 3*d = -3*r + 2. Calculate the remainder when 108 is divided by o(r).
20
What is the remainder when 5 + (-4370)/(-50) + 2/(-5) is divided by 5?
2
Suppose 0 = -6*n - 0*n + 210. Calculate the remainder when 139 is divided by n.
34
Suppose 11*p = 35 + 163. Calculate the remainder when 39 is divided by p.
3
Suppose -824 = -11*b + 683. What is the remainder when b is divided by 20?
17
Suppose d = -d. Let u be (-14)/(-4) - (3 + 6/(-4)). Suppose 0 = -s - d*l - u*l, -s - 4*l = 6. What is the remainder when 21 is divided by s?
3
Let l(c) = 152*c - 7. Let y = 46 - 9. What is the remainder when l(1) is divided by y?
34
What is the remainder when (-4811)/(-51) - 21/9 is divided by 17?
7
Suppose -g - 2*g + 198 = -3*c, -2*g + 137 = -3*c. Calculate the remainder when g is divided by 25.
11
Suppose 2*q - 5*w = 107, -17*q - 5*w = -12*q - 215. Let f(a) = 9*a - 2. What is the remainder when q is divided by f(2)?
14
Let n(w) = w**2 - 71*w + 972. Calculate the remainder when n(55) is divided by 49.
43
Let r(s) = 13*s**2 - 5*s + 7. Let t be r(4). Suppose -5*c + t = -20. What is the remainder when c is divided by 11?
10
Let v(s) = -3*s - 9. Let a be v(-10). Let h = a - 3. Calculate the remainder when 71 is divided by h.
17
Let u(c) = c**2 + 45*c + 561. What is the remainder when u(-26) is divided by 16?
3
Suppose -26*d - 400 = -1336. What is the remainder when d is divided by 26?
10
Let m(q) = q**2 - 5. Let b be m(3). Suppose 4*v - b = 84. Calculate the remainder when 109 is divided by v.
21
Suppose -3*h + 184 = -h. Calculate the remainder when h is divided by (2 + -8)*(-3 - 1).
20
Calculate the remainder when 130 is divided by (-6 + -5)/(3/(-9)).
31
Suppose 3*v + 41 = 4*v - 3*c, -4*v + 119 = -3*c. Suppose -114*b - v = -116*b. Calculate the remainder when (141/12)/((-1)/(-4)) is divided by b.
8
Suppose 129 = -5*u - 86. Let s = -38 - u. Calculate the remainder when 12 is divided by s.
2
Let a = 37 - 24. Suppose x + 4 - 15 = -5*g, -3*x = -3*g + 3. Suppose 21 = h + g*q - q, 27 = h - 2*q. Calculate the remainder when h is divided by a.
10
Suppose -2*i + 25 = -17. Suppose 5*f + 3*v + 5 = 8*v, -5*f = v - 13. Suppose -3*t + 305 = f*t. Calculate the remainder when t is divided by i.
19
Suppose -2*h - 3*w = -23, 0*w - 2*w + 6 = -h. Suppose 21*k - 44 = 17*k. Calculate the remainder when k is divided by h.
3
Suppose -48 = -10*o + 7*o - x, -3*x = o - 8. Calculate the remainder when 65 is divided by o.
14
Suppose 98045 = 73*a + 35703. Calculate the remainder when a is divided by 11.
7
Let x = 248 - 229. Suppose -480 = 2*f - 7*f. Let b = -43 + f. What is the remainder when b is divided by x?
15
Let l(r) = 7*r**3 - 1. Suppose 7*s - 5 = 2. Suppose -87 = -4*u + s. Calculate the remainder when u is divided by l(1).
4
Suppose -24 = -30*t + 28*t. Calculate the remainder when 19 is divided by t.
7
Suppose -5*f - 1065 = 5*r, -r = r + f + 426. Suppose 214 = 4*n + 686. Let m = n - r. What is the remainder when m is divided by 32?
31
Let v be (-44)/66*15/(-2). Suppose 4*o + 495 - 107 = v*i, 2*o - 326 = -4*i. What is the remainder when i is divided by 17?
12
Suppose 3*c = -9 - 6, 3*s + 5*c = -10. Suppose 2*t = -0*y + 4*y - 52, 0 = -y + s*t - 5. Let l = -2 - -31. What is the remainder when l is divided by y?
14
Let d be (-8 + 11)/((-6)/(-4)). Suppose r = d*r - 24. Let k = -8 + 55. What is the remainder when k is divided by r?
23
Suppose -x = -5*x + 148. Let h be (-14)/6*15 + 7. Let y = x + h. Calculate the remainder when 17 is divided by y.
8
Calculate the remainder when ((-831)/(-12))/(3/12) is divided by 14.
11
Let j = 2 + 8. Let l = 14 - j. Suppose 13 = -t - 5*h, -t - l*h + 0*h = 10. What is the remainder when 3 is divided by t?
1
Let u(r) = -r**3 + 8*r**2 + 11*r - 13. Let t be u(9). Suppose 0 = t*l + 158 - 413. Calculate the remainder when l is divided by 9.
6
Let i be (-11 - -7)*37/(-4). Suppose -5*c + i = -23. What is the remainder when 117 is divided by c?
9
Let f = -540 - -549. Suppose 5*q - 5*l = 45, 0*q - 2*q + 14 = -3*l. Calculate the remainder when q is divided by f.
4
Let k be (-10)/(-25) + (-2)/5. Let y(t) = -t**2 - 2. Let b be y(k). What is the remainder when 0 + (1 - -28) - b is divided by 11?
9
Suppose -5*f + 4 + 1 = 0, -4*p - f = -17. Let c = 8 - -3. Let y = p + c. What is the remainder when 27 is divided by y?
12
Let h(t) = -t**3 - 11*t**2 - 2*t + 28. Suppose -2*k + 6 + 16 = 0. Calculate the remainder when h(0) is divided by k.
6
Let t(a) = 5*a + 75. Calculate the remainder when 68 is divided by t(-10).
18
Suppose -4*s + 44 = 2*h, -2*s - 6 = 4*h - 22. What is the remainder when 945/20 - (-9)/s is divided by 10?
8
Suppose 22*u - q - 80 = 17*u, -5*q - 10 = u. What is the remainder when u is divided by 3?
0
Let i(t) = -t**2 - 12*t + 112. Let z(c) = 5*c + 0 - 2 - 2*c. Calculate the remainder when i(-17) is divided by z(4).
7
Let j = -70 + 122. What is the remainder when 144 is divided by j?
40
Suppose 0 = -2*z + d - 231, -d = -4*z + 2*d - 457. Suppose -3 = -3*x + 30. Calculate the remainder when z/(-6) - 5/(-15) is divided by x.
9
Let f = 40 + 96. Suppose -5*z = -74 - f. Suppose -5*j - 18 + 93 = 0. What is the remainder when z is divided by j?
12
Let h(b) = -2*b - 2. Let n be h(-3). Suppose 0 = -2*w + n*w. What is the remainder when w + 3 - (-12 + 9) is divided by 4?
2
Let d be (-129)/(-27) + (-4)/(-18). L